
22
Suppose 0 = c - 6*c. Suppose c = 5*v - 5*z, -v + 6*v - 8 = z. Suppose -62 = -v*d + 4*r, -d + r = -3*r - 37. What is the remainder when 48 is divided by d?
23
Suppose a = -3*a - 132. Let b = a - -58. Let p = 142 - 43. What is the remainder when p is divided by b?
24
Let d(p) = -13*p**2 - 3*p + 2. Let v be d(1). What is the remainder when 146 is divided by (-6)/(-18)*(v - 1)*-6?
26
Suppose 4*a = 61 + 39. Calculate the remainder when 25 is divided by a.
0
Let z(d) = -d**3 - 6*d**2 - 6*d + 7. Let f be z(-5). Let p = f - -2. What is the remainder when 9 is divided by ((-20)/35)/((-2)/p)?
1
Let h = 245 + -167. What is the remainder when h is divided by 8?
6
Suppose -4*l + 6 = -2*l. Suppose -l*g - d + 50 = -0*d, 3*d - 48 = -3*g. Suppose 6*a = a + 165. Calculate the remainder when a is divided by g.
16
Let o(u) = -2*u**2 - 30*u + 24. What is the remainder when o(-13) is divided by 10?
6
Let l = -7 - -19. Suppose 3*t = -t - v + 339, l = 4*v. Let c = t + -45. What is the remainder when c is divided by 20?
19
Suppose 185 = -t + 6*t. Suppose t*o + 27 = 38*o. What is the remainder when 105 is divided by o?
24
Suppose 0 = -227*i + 199*i + 19880. Calculate the remainder when i is divided by 102.
98
Suppose 11*b - 37 + 4 = 0. Let f be (0 - -2) + (0 - -1). Calculate the remainder when 11 is divided by ((f + 1)*b)/2.
5
Let h(x) = 3*x + 197. Calculate the remainder when h(-23) is divided by 43.
42
Suppose 0 = -3*u + 20 + 25. Suppose 0 = g - 11 - u. What is the remainder when 103 is divided by g?
25
What is the remainder when 44*2 + (1 - 2) is divided by 3 - (-2)/(10/95 + 0)?
21
Suppose 0 = 35*z - 33*z, 2*p + 3*z - 12 = 0. Suppose -5*d + n = 3*n - 125, n = d - 18. What is the remainder when d is divided by p?
5
Let x(s) = -1. Let b(f) = 4*f + 24. Let j(v) = -b(v) + 5*x(v). Suppose 0 = y - 31 - 43. Calculate the remainder when y is divided by j(-12).
17
Let z(j) = -j**2 - 16*j - 54. Calculate the remainder when 15 is divided by z(-7).
6
Let k = 319 - -14. Calculate the remainder when k is divided by 28.
25
What is the remainder when 778 is divided by 2/(-4)*(-13)/((-52)/(-696))?
82
Let p = 386 + -330. What is the remainder when 69 is divided by p?
13
Let o(d) = -2*d**2 - 10*d - 2. Let m be o(-10). What is the remainder when m/(-4)*(-28)/(-6) is divided by 20?
19
Let t = 1696 + -1287. What is the remainder when t is divided by 137?
135
Calculate the remainder when 165 is divided by (1176/(-70))/(0 - 6/20).
53
Suppose -97 = -4*f + 203. Let k = f - 33. What is the remainder when k is divided by 16?
10
Suppose -3*x + 3*f = -597, -5*f = 33*x - 28*x - 985. What is the remainder when x is divided by 69?
60
Let c(t) = -t**3 - 34*t**2 - 14*t - 73. What is the remainder when c(-34) is divided by 102?
97
Let y be (1 - (13 - 3)) + 3. Let o = -14 - -27. Calculate the remainder when o is divided by 2/1 - (-11 - y).
6
Suppose 3*v = 2*c + 13, 5*c - 2*c = v - 9. Let y(r) = -14*r - 5. Let k be y(c). Suppose -5*a + 47 = -k. Calculate the remainder when 55 is divided by a.
13
Let y = 36 - 11. Let h be 4/(2 - -2) + 11. Let g = y - h. Calculate the remainder when 23 is divided by g.
10
Let k = 3039 - 2957. What is the remainder when 410 is divided by k?
0
Let m be 1/5*5 + 4. Let x = 49 - 33. Suppose -r + 5*v = r - x, -71 = -m*r - 3*v. What is the remainder when 51 is divided by r?
12
Suppose 7 = 3*r - 2*k - 4, 0 = -3*r - 2*k - 5. Let s = r + 5. Suppose 108 = s*a - 90. What is the remainder when a is divided by 12?
9
Let b(a) = -a**3 + 8*a**2 - 12*a - 2. Let v be b(5). Let c = 11 + v. What is the remainder when 4 + -3 + 3*15 is divided by c?
22
Let t be ((-4)/6 - 0)*15. Let d be t/(-4) + 24/16. Suppose 2*y - 155 = -5*c, -c + 2*c - 31 = -d*y. Calculate the remainder when c is divided by 11.
9
Let v(g) = 7*g**2 - 3*g**2 - 3*g**2 - 1 - g**3 + g. Let d be 3 + -1 + -7 + 3. What is the remainder when 16 is divided by v(d)?
7
Let a = -90 + 92. Suppose -5*w - a = -92. What is the remainder when 106 is divided by w?
16
Let h = 320 + -232. What is the remainder when h is divided by ((-5)/(-2) - 0)*12?
28
Let w(b) = b**3 - 7*b**2 + 3*b - 10. Suppose 7 = -3*x + 4*x. What is the remainder when 96 is divided by w(x)?
8
Suppose 3*w + 21 = 3. Let f(b) = -b**2 - 9*b - 1. Let j be f(w). Calculate the remainder when 6 is divided by j/4 + (-4)/16.
2
Suppose 2*z + 5*g = 13, 4*g + 68 = 4*z - 28. What is the remainder when z is divided by 6?
1
Let t(y) = y**2 - 2*y - 3. Let a be t(4). Suppose a*b = -5*d + 25, 2*d + 3*d - 18 = -4*b. Calculate the remainder when 11 is divided by b.
4
Suppose -2*z = 71*t - 67*t - 706, 0 = -t + 3*z + 166. Calculate the remainder when t is divided by 89.
86
Suppose f - 3*q = -2*f + 528, 4*q + 173 = f. What is the remainder when f - (-4 + -3 + 4) is divided by 61?
58
Let a(q) = 12*q**2 - 2*q - 4. Let d(o) = -o**3 - 13*o**2 - o - 16. Let h be d(-13). What is the remainder when a(h) is divided by 28?
26
Suppose 18 = o + 4*a, 0 = 3*a - 5*a + 10. Let n be (6 - 5) + (o - 0). Let i(y) = -95*y - 1. What is the remainder when i(n) is divided by 24?
22
Let y be 40/1 + -2 + 1. Suppose 0 = -0*j + j - y. Suppose -469*r = -2*u - 466*r + 131, -3*u - 3*r + 249 = 0. Calculate the remainder when u is divided by j.
37
Suppose 356*l = 349*l + 189. What is the remainder when 89 is divided by l?
8
Let v = 3 + 0. Suppose 0 = -2*o - v*s + 18, -o - s + 15 = 2*s. Calculate the remainder when 10 is divided by o.
1
Suppose o - 14 + 11 = 0. Suppose -g = 4, 30 = o*p + g - 29. What is the remainder when 39 is divided by p?
18
Let v(k) = -k**3 - 11*k**2 - 4*k + 9. Suppose -2*y - 2 = 0, 4*f - 76 = f - 5*y. What is the remainder when v(-11) is divided by f?
26
Let r = -43 + 35. Let m = r - -24. Suppose -2*d - 38 = -132. Calculate the remainder when d is divided by m.
15
Calculate the remainder when 8*(-796)/(-60) - (-48)/(-360) is divided by 28.
22
Let r(j) = 2*j + 4. What is the remainder when 2/(-5) + (456/15 - -4) is divided by r(8)?
14
Suppose -150 = -31*m + 16*m. Calculate the remainder when 318 is divided by m.
8
Suppose -10*o + 7*o - 3 = 0, -5*c + 454 = o. What is the remainder when 908 is divided by c?
89
Calculate the remainder when 113 is divided by 2/(-7)*(-104 + -15)*2.
45
Suppose -2 = p - 4*p - i, 4*i = -5*p + 8. Let f = -460 - -511. Calculate the remainder when f is divided by 1 + p + 10 - -2.
12
Let a(s) = -2*s**3 - 50*s**2 - 26*s - 59. What is the remainder when a(-26) is divided by 17?
14
Let k = 6 + -4. Let h(i) = -i**3 - 8*i**2 - 8*i + 5. Calculate the remainder when k - ((-4)/(-2) + -35) is divided by h(-7).
11
Let y be (57 - (-3)/1 - 3)/1. Suppose -2*d - i = -45, -2*d - 4*i = i - y. Calculate the remainder when d is divided by 11.
10
Let y(x) be the first derivative of x**4/4 + 5*x**3/3 - 4*x**2 + 4*x + 4. Let c = 9 + 0. What is the remainder when y(-6) is divided by c?
7
Suppose 6*y + 253 = 2*z + 11*y, 0 = -4*y + 4. Calculate the remainder when z is divided by 47.
30
Suppose -25*v + 40*v = 26*v - 891. Let o = 13 - 1. What is the remainder when v is divided by o?
9
Suppose 13*i = -34 - 5. What is the remainder when i*4/(-18)*(-702)/(-4) is divided by 30?
27
Suppose 2284 = 15*k - 13*k. What is the remainder when k is divided by 88?
86
Suppose 2*y - 5*y + 12 = 0. Suppose -3*g = -2*l + 7, 42*l + 2*g = 44*l - 6. What is the remainder when y is divided by l?
0
Let w(f) = 2*f**2 - 4*f + 52. Let q be w(-11). Suppose -14*u + q = -u. What is the remainder when 128 is divided by u?
24
Let n be (-5 + -6)/((-2)/(-10)). Let a = n + 78. What is the remainder when (2 - 2)*-1 + 88 is divided by a?
19
Suppose -3*d - 105 = -8*d. Let o = 9 + 3. Calculate the remainder when d is divided by o.
9
Suppose 0 = 5*o + 3*u - 9 - 4, -5*o - u = -21. Suppose 5*b = o*l + 55, 7 = 2*b - b + 3*l. What is the remainder when 17 is divided by b?
7
Let i(q) = q**3 + 33*q**2 + 2*q + 72. Calculate the remainder when 20 is divided by i(-33).
2
Let p = -85 - 193. Calculate the remainder when p/(1 - (0 + 3)) is divided by 35.
34
Let o = 3054 + -3038. Let j = 50 - -4. What is the remainder when j is divided by o?
6
Let c = 29 + 0. Suppose 0*b = b - 18. Let h = b - 8. Calculate the remainder when c is divided by h.
9
Suppose -k + 3 = -4*m, -5*m + k - 5 = -2. What is the remainder when 116 is divided by (-1 + 79 + m/4)/2?
38
Let 